d(i) = -i**3 + 21*i**2 + 44*i + 50. Let u be d(23). Suppose s = -u*s + 1605. What is the hundreds digit of s?
3
Suppose 4*o + 19144 = 4*a, -2278 = -2*a + o + 7292. What is the thousands digit of a?
4
Let n(f) = -f**2 + 22*f - 153. Let s be n(16). What is the tens digit of 14/(-133) + (-3711)/s?
6
Let i be 20/(-6)*-1 - (-3)/(-9). Suppose -7*l + i*l - 4*a = -912, -5*l = a - 1152. What is the hundreds digit of l?
2
Let a be ((-4)/(-4) - (-3)/1) + -1771. Let g = 2505 + a. What is the hundreds digit of g?
7
Let u(g) = -86*g + 33. Let b be u(-7). Suppose b = 7*w - 331. What is the tens digit of w?
3
Let b = 13000 + -3955. What is the hundreds digit of b?
0
Suppose -5*j = 5*b - 22654 + 1924, -4*b + 4*j = -16560. What is the units digit of b?
3
Suppose -35*f + 30*f + 1290 = 0. Let h = f + -224. What is the units digit of h?
4
Let f(y) = 9*y - 3. Let w be f(7). Let c = w + -55. Suppose 0 = 2*u + 3*v - 148, -5*u + 350 = -c*v - 20. What is the tens digit of u?
7
What is the tens digit of (-22)/4 + (-5793238)/(-484)?
6
Suppose 0 = -5*y - g + 5*g + 24037, 2*y = 3*g + 9612. Suppose 5*z = -5*n + y - 304, -3628 = -4*n + 2*z. What is the tens digit of n?
0
Suppose -7*b - 4 - 10 = 0. Let q be -4*(-1)/24*87*b. Let t = 40 + q. What is the tens digit of t?
1
Let d(q) = -5*q + 148. Let u be d(26). Let m(g) = 52*g - 150. What is the tens digit of m(u)?
8
Let i be -6 + (-360)/(-63) + 408/7. What is the tens digit of ((-3)/((-6)/i))/((-24)/(-48))?
5
Let l(n) = 4*n - 8. Let u be l(2). Suppose -5*t + 888 = 3*p, 3 = t - u. What is the units digit of p?
1
Suppose 10 = 5*o, -o + 8 = -q + 3. What is the hundreds digit of (-382)/q + ((-16)/(-6) - 2)?
1
Let v = -2027 + 3635. Suppose -11*g + v = 68. Suppose -y - y - 4*h = -g, -4*y = -2*h - 270. What is the tens digit of y?
6
Suppose -37*s = -15654 - 29814 - 31122. What is the thousands digit of s?
2
Let l be 2 + (7 + -6)*2. Suppose 0 = l*w + 2288 - 2320. What is the units digit of w?
8
Let w = 31 + -62. Let p be -13 + 52 + (2 - (6 - 2)). Let z = w + p. What is the units digit of z?
6
Suppose 2*d - 3*d + 2*v - 6 = 0, -4*d = 4*v - 36. Suppose d*o + 0*o = 1100. Let w = -113 + o. What is the units digit of w?
2
Let r(l) = 5*l**2 - 48*l + 858. What is the ten thousands digit of r(-48)?
1
Let h(x) = 21*x**2 - 12*x - 33. Let n be 5 + -3 + (-11 - -2). What is the tens digit of h(n)?
8
Let o(u) = 2*u**3 - u**2 + 3*u - 7. Let h be (-2)/7 + (-320)/(-140). What is the units digit of o(h)?
1
Let s = -975 - -984. Suppose 49*r - s*r = 44000. What is the hundreds digit of r?
1
Suppose -122*r = -119*r - 2736. Let c = -679 + r. What is the hundreds digit of c?
2
What is the thousands digit of (-520)/(-52) - (0 - 10032)?
0
Suppose 0 = -4*i - i + 2500. Suppose -11*b + 15*b + i = 0. Let c = 178 + b. What is the units digit of c?
3
Let u = -236 + 235. What is the tens digit of ((-468)/144)/(u/40)?
3
Suppose 157*z - 722315 - 462618 = -21877. What is the thousands digit of z?
7
Let m(l) = -l**3 + 12*l**2 + 53*l - 34. Let n be m(25). What is the units digit of (-2)/(-7) - n/42?
3
Suppose -7*v = -v + 690. Let n = v + 117. Suppose 0 = -5*s - m + 850, 3*m = -7*s + n*s + 840. What is the tens digit of s?
7
Let s be (12/4 + 7)*2. Suppose -23*a + 510 = -s*a. What is the units digit of a?
0
Suppose -8*b + 4974 = -5*k, 2*b + 4*k - 411 = 843. What is the tens digit of b?
2
Let a = -29 + 44. Let v be a/25 + (-4)/(-10). What is the tens digit of (1 - -61 - 0) + v?
6
What is the thousands digit of (40159/(-3) + 12)/(4/(-24))?
0
Let g be 1/(-8) - 2/(-16). Suppose -4*x + i + 7 + 10 = g, -i = 3*x - 11. Suppose -276 = x*s - 696. What is the hundreds digit of s?
1
Let g(n) = -6*n + 9. Suppose c + 2*y = -y + 14, -3*y + 18 = -3*c. Let u be c - (-384)/(-21) - (-4)/14. What is the units digit of g(u)?
3
Suppose 1525 = 6*a - 305. Let v = -173 + a. What is the units digit of v?
2
Suppose -4*v + 5*r = 454 - 1645, -3*v + 5*r + 892 = 0. Suppose -4*s + 1108 = -5*b, -2*s = -4*b - 249 - v. What is the units digit of s?
2
Suppose 5*g = 0, 671 = -3*u + g - 352. Let q = u + 492. What is the hundreds digit of q?
1
Let q = 194 - 11. Suppose -1364 = -35*k + 2836. Let u = q - k. What is the tens digit of u?
6
What is the thousands digit of (-1)/3*(-10034 - -47)?
3
What is the thousands digit of (-122256)/(-28) - (18/30 + 33/(-105))?
4
Let i(x) = 4*x + 5. Let g be i(0). Suppose g*n + 1127 = 12*n. What is the tens digit of n?
6
Suppose 0*y + 5*g = -5*y + 59845, -2*y + 23953 = -g. What is the hundreds digit of y?
9
Suppose 0 = 102*o - 33*o - 385572. What is the tens digit of o?
8
Let i be -3 - 1*(-12 - -5). Suppose i*p + 2*l = 1994, 2*p + 0*l - 982 = -4*l. What is the hundreds digit of p?
5
Suppose 8 = i + x - 0, -3*x = -i - 12. Suppose s + 2 + 5 = 4*h, h = i. Suppose 0 = -s*q - 0*r + r + 415, -3*r = -5*q + 405. What is the tens digit of q?
8
Let h(c) = 119*c**2 + 47*c - 444. What is the tens digit of h(16)?
7
Let z = 394 - -7494. What is the hundreds digit of z?
8
Suppose 89*r - 90*r + 2*t = -21327, -2*t - 106667 = -5*r. What is the tens digit of r?
3
Suppose 4*n - 263 - 160 = -5*q, -5*n - 15 = 0. Suppose 265 = -q*x + 88*x. What is the tens digit of x?
6
Let v be 2/(5 + (-8097)/1620). Suppose -v = -5*z + 4*z. Suppose 9*p - p = z. What is the units digit of p?
5
What is the tens digit of 168*(-9*(-13)/39)/((-18)/(-712))?
3
Suppose 4 = 2*v + 6. Let l(p) = -p**2 - 4*p - 3. Let g be l(v). Suppose d - 297 + 42 = g. What is the units digit of d?
5
Suppose -2*l - 4*x + 8 = 0, 5*x - 1 = -5*l - 6. Let a be l/14 + (-336)/(-98). Let p(t) = 10*t**2 - 5*t + 2. What is the units digit of p(a)?
7
What is the units digit of 3*(-580)/150*-5?
8
Suppose 0 = 102*j - 106*j. Let x(g) = -g**3 - g**2 - 5*g + 49. What is the units digit of x(j)?
9
Let y = -587 + 411. Let h = y - -973. What is the tens digit of h?
9
Suppose -5*n + 20 + 11 = 4*c, -5*c - n = -23. Let i be (-8)/14*(-42)/c. Let o(z) = z**3 - 3*z**2 + 3*z + 2. What is the tens digit of o(i)?
2
Let l = 39 + -39. Suppose -26*g = -l*g - 5460. What is the units digit of g?
0
What is the units digit of 118*(15/(-18))/(((-200)/(-1086))/(-20))?
9
Let v(u) = 16*u**2 + 4*u - 3. Suppose 0 = 5*q + 28 + 2. Let n be q/(-3 - -1)*(-3 + 2). What is the units digit of v(n)?
9
Suppose 0 = 5*c + d - 15, c - d - 10 = -7. Suppose 181 = -c*f + 2161. What is the tens digit of f?
6
Suppose 3*h = -5*w + 30337, -4*w + 5*h + 8519 = -15795. What is the thousands digit of w?
6
Suppose 2*u - 1783 + 131 = -178. What is the tens digit of u?
3
Suppose -35137 = -5*d - 3*f, 4*d - 37230 + 9120 = -2*f. Suppose 28*u - 42*u = -d. What is the hundreds digit of u?
5
Suppose 2*w - 138 = 2*g, 2*g - 210 = 5*g - 4*w. Let u be 26*(6/(-8)*-6 + -1). Let k = g + u. What is the units digit of k?
5
What is the ten thousands digit of (4 - 2) + 42508 + (-4830)/(-690)?
4
Suppose 5*p + 93859 = 4*w, -63827 - 53432 = -5*w - 3*p. What is the ten thousands digit of w?
2
Let c = -25418 + 52429. What is the ten thousands digit of c?
2
Let t(s) be the second derivative of 1/2*s**3 + 5/6*s**4 + 38*s + 0 + 5/2*s**2. What is the tens digit of t(-2)?
3
Suppose -26353 = -4*c - 7673. What is the hundreds digit of c?
6
Let n(k) = -2*k + 11. Suppose s - 30 = -s. Let a = s + -17. What is the units digit of n(a)?
5
Suppose 0*d + d + 261858 = 20*d. What is the hundreds digit of d?
7
Suppose -4*x - 5*y - 4 = -1, x = 4*y + 15. Suppose x = j - u, u - 6*u = 4*j - 48. Suppose 11*t - 468 = j*t. What is the tens digit of t?
1
Let u(j) = -108*j**3 + j**2 + j + 19. What is the hundreds digit of u(-3)?
9
Suppose j + 4*y = 0, 5*j + 8*y = 3*y. Suppose j = -5*o + 40 - 15. Suppose o*g + 3*v = 313 + 163, 2*v = g - 90. What is the units digit of g?
4
Let b(q) = 3*q**2 - 7*q + 24. Let s be b(11). Let z = 105 + s. Suppose 0 = -3*l + 47 + z. What is the units digit of l?
4
Suppose 20*u + 22*u - 34*u - 103152 = 0. What is the tens digit of u?
9
Let i be (20/(-6))/((70/(-14))/15). Suppose -2*v = -4*r + 480, -3*r + 374 = i*v - 8*v. What is the units digit of r?
2
Let s be 51 + -159 - -3*(1 + -2). Let u = s + 356. What is the tens digit of u?
4
Let p = 46 - 44. Let s be -4 + 4 + p - -12*14. Suppose -s = 7*v - 667. What is the tens digit of v?
7
Let n(f) = -255*f - 10. Let d be n(3). Let u = -395 - d. What is the tens digit of u?
8
Let o(s) b